p + 5*u - 48726, 3*p + 3*u = 48720. What is the tens digit of p?
3
Let t(n) = -17*n + 4. Let j = -44 + 35. Let v be t(j). Suppose 2*o + 45 = v. What is the tens digit of o?
5
Let u(t) = 8*t + 44. Let y be u(-6). What is the tens digit of (-1674)/y*(33 + -31)?
3
Let d(o) be the first derivative of -o**4/4 + o**3/3 - 6. Let n(j) = 7*j**3 + 8*j**2 - 4*j - 6. Let l(r) = 6*d(r) + n(r). What is the tens digit of l(-14)?
5
Suppose -27*z = -3604 + 3631. Let x(i) be the third derivative of -9*i**4/8 - 2*i**3 - i**2. What is the units digit of x(z)?
5
Let n(p) = -4*p**3 - 17*p**2 - 42*p - 778. What is the hundreds digit of n(-14)?
4
Suppose -1 = 4*y - 21. Suppose -4*k + 101*k - 5*k = 14996. Suppose -x - 8 = -y*o - k, 0 = -2*o - 8. What is the units digit of x?
5
Let v = -4704 + 45253. What is the ten thousands digit of v?
4
What is the units digit of 4*(-14436)/(-27)*3?
6
Let w(g) = -g**3 + 51*g**2 + 99*g + 64. What is the units digit of w(51)?
3
Let q be (-12)/24 - -5 - 1/(-2). What is the tens digit of (-112)/((-35)/q)*(2 + -1)?
1
Suppose 8*r - 15*r + 98 = 0. Let l(x) = 2*x - 23. Let m be l(r). Suppose 514 = m*s - 336. What is the tens digit of s?
7
Let z(u) = u - 10. Let p be z(15). Suppose -5*l + 358 = 113. Suppose -p*r = l - 744. What is the tens digit of r?
3
What is the tens digit of 1 + (8/(-2) - (-18652 + -27))?
7
Let b(z) = z - 7. Suppose 3*y + 4*i - i - 15 = 0, 3*y - 4*i = 15. Let a be b(y). Let w(j) = -12*j**3 + 2*j**2 + 3*j. What is the units digit of w(a)?
8
Let j be (2 - -1) + 3252/(-5 + 17). Suppose 3*g = 5*z + j + 1340, 1641 = 3*g + 4*z. What is the tens digit of g?
4
Let b = -106 + 79. Let i = b + 38. What is the units digit of 10*17 - 33/i?
7
Let j(o) = 2*o**2 - 166*o - 11 - 1 + 162*o - 3*o**2. Let c be j(-3). Let x(q) = -20*q - 48. What is the tens digit of x(c)?
3
Suppose -154 = -0*l + 2*l. Let x = 88 - 94. Let q = x - l. What is the tens digit of q?
7
Let b(i) = 3*i**2 + 50*i - 8. Let s be b(-22). What is the units digit of (-4 - 1)*6*s/(-24)?
0
Suppose -5*y + 204 + 81 = 2*k, y - 4*k = 35. Let p = -98 + y. Let h = -12 - p. What is the units digit of h?
1
Suppose 50*b - 16423 - 26228 = 5699. What is the tens digit of b?
6
Let a(g) = -3 + 20*g - 27 + g**3 - 2*g**2 - 5*g + 3*g. What is the hundreds digit of a(7)?
3
What is the thousands digit of 1/(-1)*(-4448)/128*(8 - -260)?
9
What is the thousands digit of 1/((-5)/(-2)) - ((-45417762)/(-45))/(-26)?
8
Suppose -2*w - 5*q = -39, 5*q - 34 + 7 = -w. What is the units digit of -773*(-4 - -3) - (15 - w)?
0
Let b be 84/18*(-222)/(-4). Suppose -5*z + 3*n + b + 314 = 0, n + 464 = 4*z. What is the units digit of z?
7
Suppose -5*y + n + 74 = -83, 5*n - 52 = -2*y. Let s(l) = 7*l + 205. What is the tens digit of s(y)?
2
What is the hundreds digit of ((-1)/(-5))/(551/146813950)?
2
Let y = 170664 - 107895. What is the hundreds digit of y?
7
What is the units digit of (-7 - 47116/(-28)) + 65/(-91)?
5
Let q(t) = -t**2 - 20*t + 156. Let n be q(-26). Let j(p) = -p**2 + 2*p + 1125. What is the tens digit of j(n)?
2
What is the hundreds digit of (-12)/22 - (-69034471)/3509?
6
Suppose 129858 = 42*t + 4*t. What is the hundreds digit of t?
8
Suppose 50 = 5*p - 65. Let k be (2/2*p)/(-1) + -2. What is the tens digit of 3 + -6 + 3 - (k - 4)?
2
Let h(j) = 11*j**3 - 12*j**2 - 68*j + 553. What is the hundreds digit of h(9)?
9
Let b = -319 - -455. Let x = b + 25. Suppose -x = -4*r + 75. What is the units digit of r?
9
Let y be -4*(-2)/4*2. Suppose -5*d = -3*u - u - 940, -y*d = 2*u - 726. What is the hundreds digit of d?
1
Suppose -s - 33 = -6*s - w, 3*s = -4*w + 30. Let y(p) = 5*p - 14*p - 37 + s. What is the tens digit of y(-12)?
7
Let g = 5682 + -2967. What is the units digit of g?
5
Suppose 3*t = 6*t - 900. Suppose 17*h - 39 = -5. Suppose t = u + h*u. What is the units digit of u?
0
Let j = 7 - -29. Suppose b - j = 5*n, -2*b + 96 = 4*n - 2*n. Let z = 91 - b. What is the tens digit of z?
4
Suppose -3*b = 4*b + 2814. Let w = b - -675. What is the hundreds digit of w?
2
Let d(a) = -3*a**3 + 37*a**2 + 23*a + 331. What is the thousands digit of d(-15)?
8
What is the hundreds digit of (-2 + 24604/(-8))*4/8*-8?
3
Let p(w) = -76*w - 95. Let s = 40 - 52. What is the hundreds digit of p(s)?
8
Suppose 59*d - 45*d = -7070. Let p = 1033 + d. What is the hundreds digit of p?
5
What is the hundreds digit of 131758/42 - (-4)/(-42)?
1
Let j(b) = 2*b + 58. Suppose -49 = -9*x - 184. What is the units digit of j(x)?
8
Let o be 9/63 + (-129)/21. Let n be -16*((-7)/6 - 4/o). Suppose 158 - n = 2*z. What is the tens digit of z?
7
Let h = 1758 + -703. What is the hundreds digit of h?
0
Suppose 0 = -4*r + q + 4221, 5*q - q = r - 1044. Suppose -852 = -6*o + r. What is the units digit of o?
8
Let a(w) = 15*w**2 - 10*w + 11. Let y be a(1). Suppose -25*d = -y*d - 4032. What is the units digit of d?
8
Let m(s) = s**2 - 7*s - 4. Let j be m(6). Let z(r) = -r**3 - 12*r**2 - 18*r + 20. Let d be z(j). Let q = d + 119. What is the tens digit of q?
1
Let r(z) = z**3 + 15*z**2 + 8*z + 27. Let y be r(-14). Let l = y - 7. What is the tens digit of l?
0
Let c = 12269 - 8403. What is the hundreds digit of c?
8
Suppose 5 = -2*s + 33. Suppose -s = 2*g + 32. Let r = 66 + g. What is the units digit of r?
3
Let r(s) = 5*s - 100. Let q be 42/(-8)*5/(75/(-80)). What is the units digit of r(q)?
0
Suppose 0 = 30*v - 14*v - 35264. What is the thousands digit of v?
2
Let s(p) = 523*p - 361. What is the hundreds digit of s(12)?
9
Let c = 131379 - 56813. What is the ten thousands digit of c?
7
Let q be (-2)/5 + (-16)/10. Let c = -497 + 581. What is the hundreds digit of c*((-4)/8 - q)?
1
Let p = 56 - 51. Suppose 0 = p*h + 21 - 1. What is the units digit of 1/(h*(-3)/360)?
0
Let d(w) = -59*w - 318. What is the thousands digit of d(-76)?
4
Let p(q) = -4*q + 38. Let h be p(9). Let f(d) = -17*d - 12. Let s(k) = -2. Let w(n) = h*s(n) - f(n). What is the units digit of w(15)?
3
Let y(l) = -27*l + 2848. What is the tens digit of y(28)?
9
Suppose -42770 = -4*u - n, -2*n + 24261 + 7824 = 3*u. What is the ten thousands digit of u?
1
Let a(t) = 4*t**2 + 8*t - 17. Let w = 42 - 37. Suppose w*v + 28 + 2 = 5*z, 0 = -2*z + 5*v + 21. What is the tens digit of a(z)?
4
Suppose 0 = -a - a + 10. Suppose -a*i + 5*g - 56 + 256 = 0, 5*g - 5 = 0. Suppose -3*k = 20 - i. What is the units digit of k?
7
Suppose 2*v - 5*k - 3759 = 0, 6*k + 9387 = 5*v + 4*k. What is the units digit of v?
7
Suppose v - 4*m = 21819, 0 = 5*v + 299*m - 301*m - 109167. What is the tens digit of v?
3
Let o(t) = 13*t**2 + 574*t + 132. What is the tens digit of o(-71)?
1
Let k(h) = 21*h + 1. Let t be k(-1). Let y = t - -27. Suppose -13*a = -y*a - 348. What is the tens digit of a?
5
Let v(m) = -1 - 2*m + 28*m**2 - 9 + 5*m + 2 + 6*m. What is the tens digit of v(-4)?
0
Let b(i) = i + 11. Let a(r) = 3*r + 25. Let n be a(-12). Let k be b(n). Suppose -5*w + d + 692 = k, -w - 3*d + 148 = -0*w. What is the hundreds digit of w?
1
Let w(y) = 4*y**2 + y - 12. Let a = -22 + 34. Suppose -9*f - a = -6*f. What is the tens digit of w(f)?
4
Let r = 47374 + -23854. What is the units digit of r?
0
Let f(a) = 14*a**3 - 16*a**2 + 40*a - 17. What is the hundreds digit of f(8)?
4
Suppose -5*y + 220192 = -4*o, -5*y - o - 44037 = -6*y. What is the hundreds digit of y?
0
Suppose 0 = -2*c, 3*f - 6*f - 231 = c. Let s = f + 58. What is the tens digit of -1*1*0 + (s - -126)?
0
Suppose 2*r - 619 = u, 2*r + 5*u = 780 - 131. Let n = 269 + r. What is the units digit of n?
1
Let u(g) = -22*g - 30. Let j be u(-5). Let l = j + -73. Suppose 6*s + 83 = l*s. What is the tens digit of s?
8
Suppose 0 = 96*g - 101*g - 3*k + 10539, -2*g - 5*k + 4208 = 0. What is the tens digit of g?
0
Let g = 160 - -396. Suppose 4*h + 0*c + 50 = -2*c, 0 = -5*h + 4*c - 82. What is the units digit of g/7 - (-6)/h?
9
Let v = 20263 - 9862. What is the ten thousands digit of v?
1
Suppose 896*u - 829*u = 165892. What is the tens digit of u?
7
What is the thousands digit of -7*132/(-84) - -9306?
9
Let s = -30 + 32. Let n(w) = 18*w - 4*w - w**s + 14 - w. What is the units digit of n(12)?
6
Let t(n) = 250*n**2 - 21*n - 1. What is the thousands digit of t(-3)?
2
Suppose 13*a = 4*a - 9*a + 192546. What is the units digit of a?
7
Let p be (-4)/(-32) - (-615)/8. Suppose 2*c - s = p, -2*c